{"id":43,"date":"2018-12-27T09:39:37","date_gmt":"2018-12-27T08:39:37","guid":{"rendered":"http:\/\/metallbau-eder.com\/?page_id=43"},"modified":"2019-07-31T17:08:41","modified_gmt":"2019-07-31T16:08:41","slug":"produkte","status":"publish","type":"page","link":"https:\/\/metallbau-eder.com\/?page_id=43","title":{"rendered":"Produkte"},"content":{"rendered":"<p>[et_pb_section fb_built=&#8220;1&#8243; _builder_version=&#8220;3.0.47&#8243;][et_pb_row _builder_version=&#8220;3.18.7&#8243;][et_pb_column type=&#8220;4_4&#8243; _builder_version=&#8220;3.18.7&#8243; parallax=&#8220;off&#8220; parallax_method=&#8220;on&#8220;][et_pb_text _builder_version=&#8220;3.18.7&#8243;]<\/p>\n<h4 style=\"text-align: center;\"><\/h4>\n<h2 style=\"text-align: center;\"><span style=\"color: #000000;\"><strong>\u00dcbersicht Produkte<\/strong><\/span><\/h2>\n<p><span style=\"color: #000000;\"><strong><\/strong><\/span><\/p>\n<table style=\"border-color: #ffffff; width: 70%; margin-right: auto; margin-left: auto; background-color: #2ea3f2;\" border=\"4\">\n<tbody>\n<tr style=\"height: 2cm; text-align: left;\">\n<td style=\"width: 2cm;\"><\/td>\n<td>\n<h4><strong><span style=\"color: #ffffff;\"><a style=\"color: #ffffff;\" href=\"http:\/\/metallbau-eder.com\/?page_id=88\">Balkone und Gel\u00e4nder<\/a><\/span><\/strong><\/h4>\n<\/td>\n<\/tr>\n<tr style=\"height: 2cm; text-align: left;\">\n<td style=\"width: 2cm;\"><\/td>\n<td>\n<h4><strong><span style=\"color: #ffffff;\"><a style=\"color: #ffffff;\" href=\"http:\/\/metallbau-eder.com\/?page_id=108\">Treppen und Gel\u00e4nder<\/a><\/span><\/strong><\/h4>\n<\/td>\n<\/tr>\n<tr style=\"height: 2cm; text-align: left;\">\n<td style=\"width: 2cm;\"><\/td>\n<td>\n<h4><strong><span style=\"color: #ffffff;\"><a style=\"color: #ffffff;\" href=\"http:\/\/metallbau-eder.com\/?page_id=77\">Vord\u00e4cher<\/a><\/span><\/strong><\/h4>\n<\/td>\n<\/tr>\n<tr style=\"height: 2cm; text-align: left;\">\n<td style=\"width: 2cm;\"><\/td>\n<td>\n<h4><strong><span style=\"color: #ffffff;\"><a style=\"color: #ffffff;\" href=\"http:\/\/metallbau-eder.com\/?page_id=1209\">Tore und Z\u00e4une<\/a><\/span><\/strong><\/h4>\n<\/td>\n<\/tr>\n<tr style=\"height: 2cm; text-align: left;\">\n<td style=\"width: 2cm;\"><\/td>\n<td>\n<h4><strong><span style=\"color: #ffffff;\"><a style=\"color: #ffffff;\" href=\"http:\/\/metallbau-eder.com\/?page_id=1209\">Schmiedearbeiten<\/a><\/span><\/strong><\/h4>\n<\/td>\n<\/tr>\n<tr style=\"height: 2cm; text-align: left;\">\n<td style=\"width: 2cm;\"><\/td>\n<td>\n<h4><strong><span style=\"color: #ffffff;\"><a style=\"color: #ffffff;\" href=\"http:\/\/metallbau-eder.com\/?page_id=1233\">Spezialanfertigungen<\/a><\/span><\/strong><\/h4>\n<\/td>\n<\/tr>\n<\/tbody>\n<\/table>\n<h4 style=\"text-align: center;\"><strong><\/strong><\/h4>\n<p><strong><\/strong><\/p>\n<h3 style=\"color: #333333; font-family: Georgia,&amp;quot; times new roman&amp;quot;,&amp;quot;bitstream charter&amp;quot;,times,serif; font-size: 16px; font-style: normal; font-variant: normal; font-weight: bold; letter-spacing: normal; orphans: 2; text-align: center; text-decoration: none; text-indent: 0px; text-transform: none; -webkit-text-stroke-width: 0px; white-space: normal; word-spacing: 0px;\"><\/h3>\n<p>[\/et_pb_text][\/et_pb_column][\/et_pb_row][\/et_pb_section]<\/p>\n","protected":false},"excerpt":{"rendered":"<p>[et_pb_section fb_built=&#8220;1&#8243; _builder_version=&#8220;3.0.47&#8243;][et_pb_row _builder_version=&#8220;3.18.7&#8243;][et_pb_column type=&#8220;4_4&#8243; _builder_version=&#8220;3.18.7&#8243; parallax=&#8220;off&#8220; parallax_method=&#8220;on&#8220;][et_pb_text _builder_version=&#8220;3.18.7&#8243;] \u00dcbersicht Produkte Balkone und Gel\u00e4nder Treppen und Gel\u00e4nder Vord\u00e4cher Tore und Z\u00e4une Schmiedearbeiten Spezialanfertigungen [\/et_pb_text][\/et_pb_column][\/et_pb_row][\/et_pb_section]<\/p>\n","protected":false},"author":1,"featured_media":0,"parent":0,"menu_order":0,"comment_status":"closed","ping_status":"closed","template":"","meta":{"_et_pb_use_builder":"on","_et_pb_old_content":"","footnotes":""},"class_list":["post-43","page","type-page","status-publish","hentry"],"_links":{"self":[{"href":"https:\/\/metallbau-eder.com\/index.php?rest_route=\/wp\/v2\/pages\/43","targetHints":{"allow":["GET"]}}],"collection":[{"href":"https:\/\/metallbau-eder.com\/index.php?rest_route=\/wp\/v2\/pages"}],"about":[{"href":"https:\/\/metallbau-eder.com\/index.php?rest_route=\/wp\/v2\/types\/page"}],"author":[{"embeddable":true,"href":"https:\/\/metallbau-eder.com\/index.php?rest_route=\/wp\/v2\/users\/1"}],"replies":[{"embeddable":true,"href":"https:\/\/metallbau-eder.com\/index.php?rest_route=%2Fwp%2Fv2%2Fcomments&post=43"}],"version-history":[{"count":32,"href":"https:\/\/metallbau-eder.com\/index.php?rest_route=\/wp\/v2\/pages\/43\/revisions"}],"predecessor-version":[{"id":1622,"href":"https:\/\/metallbau-eder.com\/index.php?rest_route=\/wp\/v2\/pages\/43\/revisions\/1622"}],"wp:attachment":[{"href":"https:\/\/metallbau-eder.com\/index.php?rest_route=%2Fwp%2Fv2%2Fmedia&parent=43"}],"curies":[{"name":"wp","href":"https:\/\/api.w.org\/{rel}","templated":true}]}}